{"id":419,"date":"2025-11-07T17:59:42","date_gmt":"2025-11-07T17:59:42","guid":{"rendered":"https:\/\/promedix.us\/?page_id=419"},"modified":"2025-11-07T19:03:51","modified_gmt":"2025-11-07T19:03:51","slug":"contacto","status":"publish","type":"page","link":"https:\/\/promedix.us\/index.php\/contacto\/","title":{"rendered":"Cont\u00e1ctanos"},"content":{"rendered":"\n<div class=\"wp-block-group alignfull is-content-justification-center is-layout-flex wp-container-core-group-is-layout-272c81d6 wp-block-group-is-layout-flex\" style=\"padding-right:var(--wp--preset--spacing--80);padding-left:var(--wp--preset--spacing--80)\">\n<p class=\"is-style-text-subtitle is-style-text-subtitle--1\">Estamos ubicados en Bolonia,<br>de la \u00f3ptica Nicarag\u00fcense 1c<br>al Este, 50vrs al sur.<br>Managua, Nicaragua<\/p>\n\n\n\n<iframe src=\"https:\/\/www.google.com\/maps\/embed?pb=!1m18!1m12!1m3!1d1445.9543724178434!2d-86.28168298112675!3d12.137805171971264!2m3!1f0!2f0!3f0!3m2!1i1024!2i768!4f13.1!3m3!1m2!1s0x8f7155df5b867505%3A0x65cf95c5bbd668b6!2sPROMEDIX!5e1!3m2!1ses!2sni!4v1762533569215!5m2!1ses!2sni\" width=\"600\" height=\"450\" style=\"border:0;\" allowfullscreen=\"\" loading=\"lazy\" referrerpolicy=\"no-referrer-when-downgrade\"><\/iframe>\n<\/div>\n\n\n\n<div class=\"wp-block-group is-layout-grid wp-container-core-group-is-layout-478b6e6b wp-block-group-is-layout-grid\">\n<p><br>\n  Ll\u00e1manos a nuestro n\u00famero de atenci\u00f3n:<br>\n  <a href=\"tel:(505) 2266-8836\">+505 2266-8836<\/a><br><a href=\"tel:(505) 78770100\">+505 7877-0100<\/a>\n<\/p>\n\n\n\n<ul class=\"wp-block-social-links has-huge-icon-size has-visible-labels is-style-logos-only is-layout-flex wp-block-social-links-is-layout-flex\"><li class=\"wp-social-link wp-social-link-whatsapp  wp-block-social-link\"><a rel=\"noopener nofollow\" target=\"_blank\" href=\"https:\/\/wa.me\/+50584650085\" class=\"wp-block-social-link-anchor\"><svg width=\"24\" height=\"24\" viewBox=\"0 0 24 24\" version=\"1.1\" xmlns=\"http:\/\/www.w3.org\/2000\/svg\" aria-hidden=\"true\" focusable=\"false\"><path d=\"M 12.011719 2 C 6.5057187 2 2.0234844 6.478375 2.0214844 11.984375 C 2.0204844 13.744375 2.4814687 15.462563 3.3554688 16.976562 L 2 22 L 7.2324219 20.763672 C 8.6914219 21.559672 10.333859 21.977516 12.005859 21.978516 L 12.009766 21.978516 C 17.514766 21.978516 21.995047 17.499141 21.998047 11.994141 C 22.000047 9.3251406 20.962172 6.8157344 19.076172 4.9277344 C 17.190172 3.0407344 14.683719 2.001 12.011719 2 z M 12.009766 4 C 14.145766 4.001 16.153109 4.8337969 17.662109 6.3417969 C 19.171109 7.8517969 20.000047 9.8581875 19.998047 11.992188 C 19.996047 16.396187 16.413812 19.978516 12.007812 19.978516 C 10.674812 19.977516 9.3544062 19.642812 8.1914062 19.007812 L 7.5175781 18.640625 L 6.7734375 18.816406 L 4.8046875 19.28125 L 5.2851562 17.496094 L 5.5019531 16.695312 L 5.0878906 15.976562 C 4.3898906 14.768562 4.0204844 13.387375 4.0214844 11.984375 C 4.0234844 7.582375 7.6067656 4 12.009766 4 z M 8.4765625 7.375 C 8.3095625 7.375 8.0395469 7.4375 7.8105469 7.6875 C 7.5815469 7.9365 6.9355469 8.5395781 6.9355469 9.7675781 C 6.9355469 10.995578 7.8300781 12.182609 7.9550781 12.349609 C 8.0790781 12.515609 9.68175 15.115234 12.21875 16.115234 C 14.32675 16.946234 14.754891 16.782234 15.212891 16.740234 C 15.670891 16.699234 16.690438 16.137687 16.898438 15.554688 C 17.106437 14.971687 17.106922 14.470187 17.044922 14.367188 C 16.982922 14.263188 16.816406 14.201172 16.566406 14.076172 C 16.317406 13.951172 15.090328 13.348625 14.861328 13.265625 C 14.632328 13.182625 14.464828 13.140625 14.298828 13.390625 C 14.132828 13.640625 13.655766 14.201187 13.509766 14.367188 C 13.363766 14.534188 13.21875 14.556641 12.96875 14.431641 C 12.71875 14.305641 11.914938 14.041406 10.960938 13.191406 C 10.218937 12.530406 9.7182656 11.714844 9.5722656 11.464844 C 9.4272656 11.215844 9.5585938 11.079078 9.6835938 10.955078 C 9.7955938 10.843078 9.9316406 10.663578 10.056641 10.517578 C 10.180641 10.371578 10.223641 10.267562 10.306641 10.101562 C 10.389641 9.9355625 10.347156 9.7890625 10.285156 9.6640625 C 10.223156 9.5390625 9.737625 8.3065 9.515625 7.8125 C 9.328625 7.3975 9.131125 7.3878594 8.953125 7.3808594 C 8.808125 7.3748594 8.6425625 7.375 8.4765625 7.375 z\"><\/path><\/svg><span class=\"wp-block-social-link-label\">WhatsApp<\/span><\/a><\/li>\n\n<li class=\"wp-social-link wp-social-link-facebook  wp-block-social-link\"><a rel=\"noopener nofollow\" target=\"_blank\" href=\"https:\/\/www.facebook.com\/share\/1EwUArScos\/\" class=\"wp-block-social-link-anchor\"><svg width=\"24\" height=\"24\" viewBox=\"0 0 24 24\" version=\"1.1\" xmlns=\"http:\/\/www.w3.org\/2000\/svg\" aria-hidden=\"true\" focusable=\"false\"><path d=\"M12 2C6.5 2 2 6.5 2 12c0 5 3.7 9.1 8.4 9.9v-7H7.9V12h2.5V9.8c0-2.5 1.5-3.9 3.8-3.9 1.1 0 2.2.2 2.2.2v2.5h-1.3c-1.2 0-1.6.8-1.6 1.6V12h2.8l-.4 2.9h-2.3v7C18.3 21.1 22 17 22 12c0-5.5-4.5-10-10-10z\"><\/path><\/svg><span class=\"wp-block-social-link-label\">Facebook<\/span><\/a><\/li><\/ul>\n<\/div>\n\n\n\n<div class=\"wp-block-contact-form-7-contact-form-selector\">\n<div class=\"wpcf7 no-js\" id=\"wpcf7-f5-o1\" lang=\"es-ES\" dir=\"ltr\" data-wpcf7-id=\"5\">\n<div class=\"screen-reader-response\"><p role=\"status\" aria-live=\"polite\" aria-atomic=\"true\"><\/p> <ul><\/ul><\/div>\n<form action=\"\/index.php\/wp-json\/wp\/v2\/pages\/419#wpcf7-f5-o1\" method=\"post\" class=\"wpcf7-form init\" aria-label=\"Formulario de contacto\" novalidate=\"novalidate\" data-status=\"init\">\n<fieldset class=\"hidden-fields-container\"><input type=\"hidden\" name=\"_wpcf7\" value=\"5\" \/><input type=\"hidden\" name=\"_wpcf7_version\" value=\"6.1.3\" \/><input type=\"hidden\" name=\"_wpcf7_locale\" value=\"es_ES\" \/><input type=\"hidden\" name=\"_wpcf7_unit_tag\" value=\"wpcf7-f5-o1\" \/><input type=\"hidden\" name=\"_wpcf7_container_post\" value=\"0\" \/><input type=\"hidden\" name=\"_wpcf7_posted_data_hash\" value=\"\" \/>\n<\/fieldset>\n<p><label> Tu nombre<br \/>\n<span class=\"wpcf7-form-control-wrap\" data-name=\"your-name\"><input size=\"40\" maxlength=\"400\" class=\"wpcf7-form-control wpcf7-text wpcf7-validates-as-required\" autocomplete=\"name\" aria-required=\"true\" aria-invalid=\"false\" value=\"\" type=\"text\" name=\"your-name\" \/><\/span> <\/label>\n<\/p>\n<p><label> Tu correo electr\u00f3nico<br \/>\n<span class=\"wpcf7-form-control-wrap\" data-name=\"your-email\"><input size=\"40\" maxlength=\"400\" class=\"wpcf7-form-control wpcf7-email wpcf7-validates-as-required wpcf7-text wpcf7-validates-as-email\" autocomplete=\"email\" aria-required=\"true\" aria-invalid=\"false\" value=\"\" type=\"email\" name=\"your-email\" \/><\/span> <\/label>\n<\/p>\n<p><label> Tel\u00e9fono<br \/>\n<span class=\"wpcf7-form-control-wrap\" data-name=\"tel-15\"><input size=\"40\" maxlength=\"8\" minlength=\"8\" class=\"wpcf7-form-control wpcf7-tel wpcf7-validates-as-required wpcf7-text wpcf7-validates-as-tel\" aria-required=\"true\" aria-invalid=\"false\" value=\"\" type=\"tel\" name=\"tel-15\" \/><\/span> <\/label>\n<\/p>\n<p><span class=\"wpcf7-form-control-wrap\" data-name=\"Departamento\"><select class=\"wpcf7-form-control wpcf7-select wpcf7-validates-as-required despegable-class\" aria-required=\"true\" aria-invalid=\"false\" name=\"Departamento\"><option value=\"Boaco\">Boaco<\/option><option value=\"Carazo\">Carazo<\/option><option value=\"Chinandega\">Chinandega<\/option><option value=\"Chontales\">Chontales<\/option><option value=\"Estel\u00ed\">Estel\u00ed<\/option><option value=\"Granada\">Granada<\/option><option value=\"Jinotega\">Jinotega<\/option><option value=\"Le\u00f3n\">Le\u00f3n<\/option><option value=\"Madriz\">Madriz<\/option><option value=\"Managua\">Managua<\/option><option value=\"Masaya\">Masaya<\/option><option value=\"Matagalpa\">Matagalpa<\/option><option value=\"Nueva Segovia\">Nueva Segovia<\/option><option value=\"Rivas\">Rivas<\/option><option value=\"R\u00edo San Juan\">R\u00edo San Juan<\/option><\/select><\/span>\n<\/p>\n<p><label> Asunto<br \/>\n<span class=\"wpcf7-form-control-wrap\" data-name=\"your-subject\"><input size=\"40\" maxlength=\"400\" class=\"wpcf7-form-control wpcf7-text wpcf7-validates-as-required\" aria-required=\"true\" aria-invalid=\"false\" value=\"\" type=\"text\" name=\"your-subject\" \/><\/span> <\/label>\n<\/p>\n<p><label> Mensaje, comentarios o sugerencias.<br \/>\n<span class=\"wpcf7-form-control-wrap\" data-name=\"your-message\"><textarea cols=\"40\" rows=\"10\" maxlength=\"2000\" class=\"wpcf7-form-control wpcf7-textarea\" aria-invalid=\"false\" name=\"your-message\"><\/textarea><\/span> <\/label>\n<\/p>\n<p><input class=\"wpcf7-form-control wpcf7-submit has-spinner\" type=\"submit\" value=\"Enviar\" \/>\n<\/p><div class=\"wpcf7-response-output\" aria-hidden=\"true\"><\/div>\n<\/form>\n<\/div>\n<\/div>\n","protected":false},"excerpt":{"rendered":"<p>Estamos ubicados en Bolonia,de la \u00f3ptica Nicarag\u00fcense 1cal Este, 50vrs al sur.Managua, Nicaragua Ll\u00e1manos a nuestro n\u00famero de atenci\u00f3n: +505 2266-8836+505 7877-0100<\/p>\n","protected":false},"author":1,"featured_media":0,"parent":0,"menu_order":0,"comment_status":"open","ping_status":"closed","template":"","meta":{"_acf_changed":false,"footnotes":""},"class_list":["post-419","page","type-page","status-publish","hentry"],"acf":[],"yoast_head":"<!-- This site is optimized with the Yoast SEO plugin v26.3 - https:\/\/yoast.com\/wordpress\/plugins\/seo\/ -->\n<title>Cont\u00e1ctanos - ProMedix S.A<\/title>\n<meta name=\"robots\" content=\"index, follow, max-snippet:-1, max-image-preview:large, max-video-preview:-1\" \/>\n<link rel=\"canonical\" href=\"https:\/\/promedix.us\/index.php\/contacto\/\" \/>\n<meta property=\"og:locale\" content=\"es_ES\" \/>\n<meta property=\"og:type\" content=\"article\" \/>\n<meta property=\"og:title\" content=\"Cont\u00e1ctanos - ProMedix S.A\" \/>\n<meta property=\"og:description\" content=\"Estamos ubicados en Bolonia,de la \u00f3ptica Nicarag\u00fcense 1cal Este, 50vrs al sur.Managua, Nicaragua Ll\u00e1manos a nuestro n\u00famero de atenci\u00f3n: +505 2266-8836+505 7877-0100\" \/>\n<meta property=\"og:url\" content=\"https:\/\/promedix.us\/index.php\/contacto\/\" \/>\n<meta property=\"og:site_name\" content=\"ProMedix S.A\" \/>\n<meta property=\"article:modified_time\" content=\"2025-11-07T19:03:51+00:00\" \/>\n<meta name=\"twitter:card\" content=\"summary_large_image\" \/>\n<meta name=\"twitter:label1\" content=\"Tiempo de lectura\" \/>\n\t<meta name=\"twitter:data1\" content=\"1 minuto\" \/>\n<script type=\"application\/ld+json\" class=\"yoast-schema-graph\">{\"@context\":\"https:\/\/schema.org\",\"@graph\":[{\"@type\":\"WebPage\",\"@id\":\"https:\/\/promedix.us\/index.php\/contacto\/\",\"url\":\"https:\/\/promedix.us\/index.php\/contacto\/\",\"name\":\"Cont\u00e1ctanos - ProMedix S.A\",\"isPartOf\":{\"@id\":\"https:\/\/promedix.us\/#website\"},\"datePublished\":\"2025-11-07T17:59:42+00:00\",\"dateModified\":\"2025-11-07T19:03:51+00:00\",\"breadcrumb\":{\"@id\":\"https:\/\/promedix.us\/index.php\/contacto\/#breadcrumb\"},\"inLanguage\":\"es\",\"potentialAction\":[{\"@type\":\"ReadAction\",\"target\":[\"https:\/\/promedix.us\/index.php\/contacto\/\"]}]},{\"@type\":\"BreadcrumbList\",\"@id\":\"https:\/\/promedix.us\/index.php\/contacto\/#breadcrumb\",\"itemListElement\":[{\"@type\":\"ListItem\",\"position\":1,\"name\":\"Portada\",\"item\":\"https:\/\/promedix.us\/\"},{\"@type\":\"ListItem\",\"position\":2,\"name\":\"Cont\u00e1ctanos\"}]},{\"@type\":\"WebSite\",\"@id\":\"https:\/\/promedix.us\/#website\",\"url\":\"https:\/\/promedix.us\/\",\"name\":\"ProMedix S.A\",\"description\":\"\",\"publisher\":{\"@id\":\"https:\/\/promedix.us\/#organization\"},\"potentialAction\":[{\"@type\":\"SearchAction\",\"target\":{\"@type\":\"EntryPoint\",\"urlTemplate\":\"https:\/\/promedix.us\/?s={search_term_string}\"},\"query-input\":{\"@type\":\"PropertyValueSpecification\",\"valueRequired\":true,\"valueName\":\"search_term_string\"}}],\"inLanguage\":\"es\"},{\"@type\":\"Organization\",\"@id\":\"https:\/\/promedix.us\/#organization\",\"name\":\"ProMedix S.A\",\"url\":\"https:\/\/promedix.us\/\",\"logo\":{\"@type\":\"ImageObject\",\"inLanguage\":\"es\",\"@id\":\"https:\/\/promedix.us\/#\/schema\/logo\/image\/\",\"url\":\"https:\/\/promedix.us\/wp-content\/uploads\/2025\/11\/1762449747077_vectorized-scaled.png\",\"contentUrl\":\"https:\/\/promedix.us\/wp-content\/uploads\/2025\/11\/1762449747077_vectorized-scaled.png\",\"width\":2560,\"height\":894,\"caption\":\"ProMedix S.A\"},\"image\":{\"@id\":\"https:\/\/promedix.us\/#\/schema\/logo\/image\/\"}}]}<\/script>\n<!-- \/ Yoast SEO plugin. -->","yoast_head_json":{"title":"Cont\u00e1ctanos - ProMedix S.A","robots":{"index":"index","follow":"follow","max-snippet":"max-snippet:-1","max-image-preview":"max-image-preview:large","max-video-preview":"max-video-preview:-1"},"canonical":"https:\/\/promedix.us\/index.php\/contacto\/","og_locale":"es_ES","og_type":"article","og_title":"Cont\u00e1ctanos - ProMedix S.A","og_description":"Estamos ubicados en Bolonia,de la \u00f3ptica Nicarag\u00fcense 1cal Este, 50vrs al sur.Managua, Nicaragua Ll\u00e1manos a nuestro n\u00famero de atenci\u00f3n: +505 2266-8836+505 7877-0100","og_url":"https:\/\/promedix.us\/index.php\/contacto\/","og_site_name":"ProMedix S.A","article_modified_time":"2025-11-07T19:03:51+00:00","twitter_card":"summary_large_image","twitter_misc":{"Tiempo de lectura":"1 minuto"},"schema":{"@context":"https:\/\/schema.org","@graph":[{"@type":"WebPage","@id":"https:\/\/promedix.us\/index.php\/contacto\/","url":"https:\/\/promedix.us\/index.php\/contacto\/","name":"Cont\u00e1ctanos - ProMedix S.A","isPartOf":{"@id":"https:\/\/promedix.us\/#website"},"datePublished":"2025-11-07T17:59:42+00:00","dateModified":"2025-11-07T19:03:51+00:00","breadcrumb":{"@id":"https:\/\/promedix.us\/index.php\/contacto\/#breadcrumb"},"inLanguage":"es","potentialAction":[{"@type":"ReadAction","target":["https:\/\/promedix.us\/index.php\/contacto\/"]}]},{"@type":"BreadcrumbList","@id":"https:\/\/promedix.us\/index.php\/contacto\/#breadcrumb","itemListElement":[{"@type":"ListItem","position":1,"name":"Portada","item":"https:\/\/promedix.us\/"},{"@type":"ListItem","position":2,"name":"Cont\u00e1ctanos"}]},{"@type":"WebSite","@id":"https:\/\/promedix.us\/#website","url":"https:\/\/promedix.us\/","name":"ProMedix S.A","description":"","publisher":{"@id":"https:\/\/promedix.us\/#organization"},"potentialAction":[{"@type":"SearchAction","target":{"@type":"EntryPoint","urlTemplate":"https:\/\/promedix.us\/?s={search_term_string}"},"query-input":{"@type":"PropertyValueSpecification","valueRequired":true,"valueName":"search_term_string"}}],"inLanguage":"es"},{"@type":"Organization","@id":"https:\/\/promedix.us\/#organization","name":"ProMedix S.A","url":"https:\/\/promedix.us\/","logo":{"@type":"ImageObject","inLanguage":"es","@id":"https:\/\/promedix.us\/#\/schema\/logo\/image\/","url":"https:\/\/promedix.us\/wp-content\/uploads\/2025\/11\/1762449747077_vectorized-scaled.png","contentUrl":"https:\/\/promedix.us\/wp-content\/uploads\/2025\/11\/1762449747077_vectorized-scaled.png","width":2560,"height":894,"caption":"ProMedix S.A"},"image":{"@id":"https:\/\/promedix.us\/#\/schema\/logo\/image\/"}}]}},"_links":{"self":[{"href":"https:\/\/promedix.us\/index.php\/wp-json\/wp\/v2\/pages\/419","targetHints":{"allow":["GET"]}}],"collection":[{"href":"https:\/\/promedix.us\/index.php\/wp-json\/wp\/v2\/pages"}],"about":[{"href":"https:\/\/promedix.us\/index.php\/wp-json\/wp\/v2\/types\/page"}],"author":[{"embeddable":true,"href":"https:\/\/promedix.us\/index.php\/wp-json\/wp\/v2\/users\/1"}],"replies":[{"embeddable":true,"href":"https:\/\/promedix.us\/index.php\/wp-json\/wp\/v2\/comments?post=419"}],"version-history":[{"count":17,"href":"https:\/\/promedix.us\/index.php\/wp-json\/wp\/v2\/pages\/419\/revisions"}],"predecessor-version":[{"id":472,"href":"https:\/\/promedix.us\/index.php\/wp-json\/wp\/v2\/pages\/419\/revisions\/472"}],"wp:attachment":[{"href":"https:\/\/promedix.us\/index.php\/wp-json\/wp\/v2\/media?parent=419"}],"curies":[{"name":"wp","href":"https:\/\/api.w.org\/{rel}","templated":true}]}}